 3*u + g + 14. What is the remainder when p(5) is divided by u?
10
Suppose -2*r + 32 = -2*x - 5*r, -10 = 3*x - 5*r. Let l = x + 7. What is the remainder when 2 is divided by -1*2/6*l?
0
Let c = -30 - -56. Let s = -32 - c. Let p = 98 + s. Calculate the remainder when p is divided by 21.
19
Suppose -2*t + 180 = -0*t. Suppose 2*a + 90 = 5*q, 2*q - a = 7*q - t. Calculate the remainder when 55 - (0 + (-4)/(-2)) is divided by q.
17
Let f(r) = -9*r + 4. Suppose y - 4*o + 1 = 14, -5*o = 2*y + 26. Calculate the remainder when f(y) is divided by 17.
14
Suppose 5 = -f - 7. Let a = f + 27. Let j = 2 + a. What is the remainder when j is divided by 9?
8
Let n(u) = 3*u**2 - 1. Let a be n(1). Suppose -a*r = -4*b + 26, -4*b + 22 = -4*r + 2. What is the remainder when 23 is divided by b?
7
Suppose 6*i - i = 215. Let y = 40 + -25. What is the remainder when i is divided by y?
13
What is the remainder when 6 is divided by 10/6 - 8/(-6)?
0
Let u(c) = -c**2 - 3*c - 2. Let a be u(-2). Suppose 2*x + a*x - 14 = 0. Calculate the remainder when x is divided by 20/6 + (-1)/3.
1
Let v = 1 - 1. Suppose 4*i = 12 - v, -r + 4*i = 10. What is the remainder when r is divided by 2?
0
Let b be 0 + (1 - 4 - -4). Let g(f) = 5*f**2 + f. What is the remainder when 10 is divided by g(b)?
4
Let l = -51 - -33. Let f = l - -28. What is the remainder when f is divided by 4?
2
Suppose -p + 6 = 3*v - 2, 4*p = 4*v - 32. Suppose -v*k + 94 = 5*n, 0 = -n + 5*k + 10 + 3. What is the remainder when n is divided by 10?
8
Suppose -i - 8 = 3*i. Let u be 39/1 + (i - -1). Suppose -7 = -3*b + u. What is the remainder when b is divided by 6?
3
Let s = -9 - -8. Let u = 10 + s. Suppose 3*w + 5*g = 43, -w - 2*g + 30 = w. Calculate the remainder when w is divided by u.
7
Suppose 0*w + 125 = 4*q + 3*w, -q + 5*w = -14. What is the remainder when q is divided by 16?
13
Let n = -7 + 7. Suppose -o = -n*o - 21. What is the remainder when 81 is divided by o?
18
Suppose -3*s + 12 = 0, -4*s + 70 = -z + 4*z. Calculate the remainder when 125 is divided by z.
17
Suppose l + 3*l = 2*x + 6, 3*l - 7 = x. Let h = x - -14. Calculate the remainder when h is divided by (-3 - -4)/(1/10).
9
Let c(k) = 4*k - 2. Let b be c(2). Let o = 15 + b. Calculate the remainder when -3*(-4 + 3) + 58 is divided by o.
19
Let n(c) = 2*c + 1. Let m(r) = -4*r - 2. Let f(b) = 6*m(b) + 11*n(b). What is the remainder when f(-4) is divided by 2?
1
What is the remainder when 13 is divided by ((0 - -2)/(-1))/((-15)/60)?
5
Let j = 52 + -30. Calculate the remainder when 41 is divided by j.
19
Let n(c) = c**3 - 7*c**2 + 9*c - 3. Suppose -3*g - 5*r + 66 = -2*r, g = -5*r + 2. Calculate the remainder when g is divided by n(6).
12
Suppose -4*u + 8 = 0, 5*u - 50 + 510 = 5*g. Suppose 0 = -2*i - 2, -3*m + i + g = -0*m. Calculate the remainder when m is divided by 11.
9
Let h(u) = 2*u**2 + 6*u - 10. Let k be h(-7). Let o be 3/(-6) + k/4. Suppose 0*m - o = -m. Calculate the remainder when m is divided by 6.
5
Suppose -o - k = -192, -4*o + 770 = 3*k - k. What is the remainder when o is divided by 66?
61
Suppose -4 + 26 = 2*l. What is the remainder when 32 is divided by l?
10
Let t(f) = -f**2 + 2*f**2 + 26*f - 33*f. Calculate the remainder when 36 is divided by t(8).
4
Let h(q) = 3*q - 9. Let t be h(6). Suppose -4*l - 20 = -t*l. Calculate the remainder when 14*(-2)/4*-1 is divided by l.
3
Let f(z) = -z. Let l(j) be the third derivative of -j**6/120 + j**5/6 - j**4/3 + 4*j**3/3 - j**2. Calculate the remainder when l(9) is divided by f(-9).
8
Let f = 8 - 4. Suppose -f*c = 4*p - 52, 3*p - 15 = -0*p + 3*c. Calculate the remainder when 34 is divided by p.
7
Let d = 13 + -8. Suppose -l + 8 = 4*b, b + 23 = -d*l + 6. Suppose -4*j + 7*j = -15, -b*j = f + 14. What is the remainder when 2 is divided by f?
0
Suppose -2*t + t = -5. Calculate the remainder when 7 is divided by t.
2
Suppose -2*z = -2*r - 106, z - 73 = -r - 2*r. What is the remainder when z is divided by 10?
8
Let i = 4 - 4. Let q(y) = y**2 + y + 16. Calculate the remainder when q(i) is divided by 9.
7
Suppose -k = -28 - 6. Suppose 0 = -u + k - 3. Calculate the remainder when 123 is divided by u.
30
Suppose -s = 2*s - 90. Suppose 4*p - 36 = 2*t, 5*p + t - 2*t = 51. What is the remainder when s is divided by p?
8
Let j be (-5)/(-3) - 6/(-18). Suppose -j*h = -3*w + 20, -5*h = -w + 3*w - 26. What is the remainder when 29 is divided by w?
5
Suppose -r + 14 = q, 0 = 2*q - 3*r - 8 - 20. What is the remainder when 25 is divided by q?
11
Calculate the remainder when 17 is divided by 7 - (-3 - ((-2)/1 - 1)).
3
Suppose 0 = 5*u + 5*v - 44 - 66, -3*u = 4*v - 68. Suppose -5*w - u = -75. Calculate the remainder when w is divided by 2 + (-3)/(-6)*4.
3
Let v(h) = -5*h + 14*h**2 - 15*h**2 + 12 - 2. What is the remainder when v(-5) is divided by 6?
4
Let z(i) = 3*i**3 - 2*i**2 + 3*i - 1. What is the remainder when z(2) is divided by 2/6 - (-3 + 56/(-12))?
5
Suppose y = -2*v - 1, 5*v + 10 - 3 = -4*y. Let m(s) = s**3 + 4*s**2 + s - 4. What is the remainder when m(-3) is divided by v?
0
Suppose -2*z = -0*z + 5*k - 38, 2*k + 66 = 5*z. Suppose -h - 4*h + 5 = -2*c, -4*c + 11 = -3*h. Calculate the remainder when z is divided by c.
4
Suppose 0*h = 5*h - 5*r - 255, -2*r + 10 = 0. Calculate the remainder when h is divided by 29.
27
Let r = -73 - -117. Suppose -4*n = -r - 12. Suppose 0 = 2*d - 86 + 6. What is the remainder when d is divided by n?
12
Let x = 4 - 2. Suppose 9*z - 3*k - 71 = 4*z, 0 = -x*z - 2*k + 22. Calculate the remainder when 37 is divided by z.
11
Suppose -2*t - 3*t = 0. Suppose 50 = 5*g - 2*b - 0*b, t = g + 2*b + 2. Calculate the remainder when 17 is divided by 70/g - (-3)/12.
8
Suppose -2*w = -6*w + 88. Calculate the remainder when w is divided by 3.
1
What is the remainder when 193 is divided by -2 + 123*2/6?
37
Let h(a) = 3*a + 83. Calculate the remainder when 115 is divided by h(-8).
56
Let p be (-104)/18 + 4/(-18). Let h be (12/8)/(p/(-8)). Let b(q) = q**3 - 2*q**2 + 2*q + 1. What is the remainder when 9 is divided by b(h)?
4
Suppose 3*f - 79 = 2*y - 4*y, -3*y - 4*f = -116. Calculate the remainder when y is divided by 11.
10
Let k(w) = -19*w + 2 + 7 - w**2 + 6 - 1. Calculate the remainder when k(-15) is divided by 15.
14
Suppose 373 = -n + 483. Calculate the remainder when n is divided by 37.
36
Suppose j = -a + 10, -5*a = -5*j - 49 - 31. Let r = -243 - -433. Suppose r = -0*c + 5*c. What is the remainder when c is divided by a?
12
Let c(y) = -9*y. Let q(t) = 10*t**3. Calculate the remainder when c(-2) is divided by q(1).
8
Suppose 0 = -4*o - 3*p + 107, -2*o + 3*p = -p - 48. Suppose -2*i = -t - o, -2*t + t = -4*i + 54. What is the remainder when (-4)/10 + 264/10 is divided by i?
12
Let f(t) = 4*t - 14. What is the remainder when 51 is divided by f(8)?
15
Suppose v + v + 110 = 0. Let h = v - -78. Calculate the remainder when 43 is divided by h.
20
Suppose 5*x + q + 4*q = 30, 4*q - 20 = -2*x. Suppose 0 = -x*w - 5*l + 25, l + 12 - 33 = -2*w. What is the remainder when (8/w)/((-3)/(-30)) is divided by 5?
3
Suppose 170 = u + u + 4*m, -2*m = -2*u + 140. Suppose 7*j - u = 2*j. What is the remainder when 42 is divided by j?
12
Let y(x) = 2*x**3 - 2*x**2 - 2*x + 1. What is the remainder when 22 is divided by y(2)?
2
Let s = 29 - 14. What is the remainder when 42 is divided by s?
12
Let t = 42 + -82. Let s = t + 59. Calculate the remainder when (-330)/4*10/(-15) is divided by s.
17
Let s = 74 + -50. Suppose -3*w + 15 + s = 0. What is the remainder when 23 is divided by w?
10
Suppose 8 = -l - 3. Let d = l - -28. Suppose 3*s - 159 = -3*p - 2*p, 0 = 5*p + s - 163. What is the remainder when p is divided by d?
16
Let g(u) = 14*u + 30. What is the remainder when 298 is divided by g(0)?
28
Suppose 2 = 2*m - 6. Let w(n) = -15*n - 2. Let p(z) = 29*z + 4. Let t(x) = 6*p(x) + 11*w(x). What is the remainder when t(m) is divided by 20?
18
Suppose 5*p - 46 = 34. Suppose -2*c = -2*v + 1 + 69, -43 = -v + 3*c. Calculate the remainder when v is divided by p.
15
Suppose -3*m - 182 = 550. Let c = 115 + m. What is the remainder when (-1)/(-4) + c/(-12) is divided by 3?
2
Let t = -42 + 55. What is the remainder when 116 is divided by t?
12
Let u = 90 - 51. Calculate the remainder when u is divided by 10 + 0/((-10)/2).
9
Suppose -15 = -3*c - 0*c. 